 -3*y. Calculate the greatest common divisor of 18 and y.
18
Let v(n) = 6 - 8*n - 2*n + 0*n - 14*n. Suppose 2 - 22 = 4*c. Let a be v(c). What is the greatest common factor of a and 14?
14
Let f be 2/(-4) + (-211)/(-2). Let g = -2 + 47. Suppose -5*d = 0, 0*d = -3*h + 5*d + g. Calculate the greatest common factor of h and f.
15
Suppose 0 = -43*q + 40*q + 144. What is the highest common factor of 6 and q?
6
Suppose -9 = -3*o + 3. Let u be 427/63 - o/(-18). Calculate the greatest common factor of 7 and u.
7
Suppose 0 = -5*g - x + 7, -2*g + 3*g + x + 1 = 0. Suppose 2*m = -g*m + 8. Suppose -6 = -3*s + m*s. What is the greatest common divisor of 6 and s?
6
Let s be 4/38 + (-1 - 1630/(-38)). What is the greatest common divisor of 7 and s?
7
Let a(q) = -39*q - 13. Let t be a(-5). Calculate the greatest common divisor of t and 26.
26
Suppose -21 = 2*t - 5*t. Suppose -t = 4*b - 99. Let m be ((-46)/(-2 - -1))/1. What is the highest common factor of b and m?
23
Let v(o) = -o**2 + 25*o - 22. Let i be v(20). Calculate the highest common divisor of i and 52.
26
Suppose -2*j = -29 - 37. Calculate the highest common divisor of 363 and j.
33
Let g = -9 + 19. Let k(y) = y**2 - 2*y - 5. Let u be 4/(-18) - 86/18. Let o be k(u). What is the greatest common factor of g and o?
10
Let m be (-2)/(-8) - (-35)/4. Let l = -264 + 273. What is the greatest common factor of l and m?
9
Let j = 46 - 20. What is the highest common factor of 26 and j?
26
Let y(x) = -x**3 + 7*x**2 + 7*x - 3. Let f be y(6). Suppose -2*k + 59 = l, 2*k + 3*l = -0*k + 57. Calculate the greatest common divisor of k and f.
15
Suppose 0 = -2*x - 3*v + 11, -5*x + 0*v + 34 = v. Let f(z) = -z**2 + 7*z + 10. Let d be f(x). Calculate the greatest common factor of 110 and d.
10
Suppose 0 = 5*v - 1 - 4. Let m(y) = 10*y - 1. Let a be m(v). Let j be (2 - 3)*(1 - 2). What is the greatest common divisor of j and a?
1
Suppose -3*n + 8 = -5*b, 0 = -3*b - b + 5*n - 9. Let q = b - -9. Suppose -8*r + 16 = -7*r. Calculate the highest common divisor of r and q.
8
Let r(t) = -t - 2. Let k be r(-6). Calculate the greatest common factor of k and 32.
4
Let k(v) = v**3 - 14*v**2 + 14*v + 12. Let c be k(13). Calculate the greatest common factor of c and 50.
25
Suppose 2*r = 23 - 11. What is the greatest common divisor of r and 60?
6
Let v(r) = -2*r**2 + 20*r - 20. Let l be v(8). Calculate the highest common divisor of 156 and l.
12
Let s be -7 - -2 - 0/(-2). Let h(x) = -x**2 - 5*x + 3. Let c be h(s). Let j be 231/42*(-6)/(-1). What is the greatest common divisor of j and c?
3
Let g = 272 + -491. Let a = -138 - g. Calculate the highest common factor of a and 9.
9
Suppose -k + 98 = 7. Calculate the highest common divisor of k and 13.
13
Let g(h) = h - 5. Let u be g(8). Let o(p) = p**3 + p**2 - p + 1. Let z be o(1). Suppose z*a = a + 21. Calculate the highest common factor of u and a.
3
Let x(h) = 8*h + 8. Let g be x(7). Suppose 5*p + 13 + 10 = f, -5*f + 28 = 4*p. What is the highest common factor of f and g?
8
Let s(w) = 41*w**2 + w. Let l be s(-1). Calculate the greatest common divisor of l and 16.
8
Suppose 0 = -2*j + 23 - 105. Let f be -3 - 0 - (j - 1). Let v(x) = x**3 + 6*x**2 + x + 6. Let h be v(-5). Calculate the highest common divisor of h and f.
13
Let z = 14 + -9. Suppose 9 = 5*p + n, 2*n - 10 = -z*p - 2. Suppose 24 = -0*w + 4*w. What is the greatest common factor of p and w?
2
Suppose 0 = -x + 4*s + 60, -x + 5*s + 108 = x. What is the highest common divisor of 11 and x?
11
Suppose -27*m + 22*m = -120. Calculate the highest common divisor of m and 8.
8
Let c = -112 - -160. Let z = 67 + -35. Calculate the highest common factor of z and c.
16
Let v = -9 - -3. Let s be (-154)/v - (-2)/6. Calculate the greatest common divisor of 13 and s.
13
Let k(x) = -12*x - 7. Let j be k(-6). Suppose -6*o + j = -o. Suppose -3*h - o = -178. Calculate the highest common divisor of h and 5.
5
Let l be (-94)/14 + (-16)/56. Let b = 8 + l. Let d(o) = o**2 - 2*o. Let u be d(3). What is the greatest common divisor of b and u?
1
Let g(k) = -47*k + 1. Let t be g(-1). Let b = -17 - -49. Calculate the highest common divisor of t and b.
16
Let c be -3 + (1 - 2) - -20. Suppose 5*q = 3*q + c. Calculate the highest common divisor of q and 72.
8
Let g be 2*1/6 - (-61)/(-3). Suppose 0 = -4*t - 102 + 270. Let n = t + g. Calculate the highest common factor of n and 2.
2
Let u(y) = 0*y + 13 - y + 11*y**2 - 2*y + 2*y - y**3. Let w be u(11). Let f = w - 0. Calculate the greatest common factor of f and 4.
2
Let c be -2*1/(-4)*-2. Let g(y) be the second derivative of -7*y**5/10 + y**4/12 - 3*y. Let k be g(c). What is the highest common factor of k and 105?
15
Let l be ((-4)/16 - 0) + (-10)/(-8). What is the highest common divisor of 14 and l?
1
Let x be 1/(-2 - 9/(-4)). Let m(y) = -y**3 + 6*y**2 - 2*y - 3. Let u be m(x). Let j be 44/3 + 2/(-3). What is the highest common divisor of j and u?
7
Suppose -5*v = 5*y + 10, 0*v + 3*v + 9 = 0. What is the greatest common divisor of 23 and y?
1
Suppose 3*r = 5 - 2. Let g(l) = -l**3 - 7*l**2 - 6*l - 1. Let x be g(-6). Let j = x - -2. What is the highest common factor of r and j?
1
Suppose 0 = 4*j - j + 2*w - 1, -5*j - 4*w = -5. Let a be 12 - j*(-6)/9. What is the greatest common factor of 5 and a?
5
Suppose -l + 2*l - u - 3 = 0, -6 = -2*u. Let k be 26/6 - l/(-9). What is the greatest common factor of 5 and k?
5
Let z = 3 + 6. Let c be (z/(-1))/1*-5. What is the highest common factor of 18 and c?
9
Let l = 4 - 10. Let a = l - -65. Let z be -1*(-3)/(-1) + a. What is the highest common divisor of 7 and z?
7
Suppose 54 = 5*p - 4*f, p - 44 = -3*p + 4*f. Calculate the greatest common factor of p and 2.
2
Let r(h) be the second derivative of h**3/6 + 10*h**2 + h. Let n be r(0). Suppose -4*s - 1009 + 1049 = 0. What is the greatest common divisor of s and n?
10
Let r be -1 + ((-6)/3 - -37). What is the highest common factor of 306 and r?
34
Let v(n) = -n. Let t be v(-5). Suppose t*x - 96 + 11 = 0. Calculate the highest common factor of x and 136.
17
Let s be (24/(-3))/((-2)/6). Let c = 407 - 204. Suppose 2*d - 229 = c. Calculate the greatest common factor of d and s.
24
Suppose -4*m + 6 = -z - 2, -18 = 2*m + 5*z. Calculate the highest common factor of 3 and m.
1
Let t(u) = -u**3 - 7*u**2 - u + 8. Let a(j) = -3*j + 3. Let o be a(3). Let r be t(o). Let y = -11 - r. What is the greatest common factor of y and 88?
11
Suppose -2*p + 94 = k, -3*p - 2*p = -4*k - 235. Let u be -1 - (2 - p*2). Let h(f) = 12*f + 1. Let m be h(1). What is the highest common divisor of m and u?
13
Suppose 2*q + 0*q - 242 = 0. Let l(s) = -s**2 + 11*s - 17. Let f be l(7). What is the greatest common factor of f and q?
11
Let t(q) = q**2 - 3*q + 3. Let d be t(-4). Calculate the highest common divisor of 248 and d.
31
Let k(w) = 7*w - 13. Let i(l) = 3*l - 6. Let g(q) = 9*i(q) - 4*k(q). Let o be g(-4). Calculate the highest common divisor of o and 4.
2
Let l(c) = -c**2 + 12*c + 2. Let a be l(10). Suppose -4*d = -a - 2. Calculate the highest common factor of 54 and d.
6
Let y(o) = -o**3 + 14*o**2 + 15*o + 16. Let v be y(15). Calculate the greatest common factor of 2 and v.
2
Let z(g) = -g**2 - 4*g + 3. Let t be z(-4). Suppose -20 = -t*a + 13. Calculate the highest common factor of 1 and a.
1
Let w(t) = 2*t + 1. Let l be w(5). What is the greatest common divisor of 33 and l?
11
Suppose 0 = -3*q + 4*h + 9, 27 = 3*q + 4*h - 2*h. Let t be (-1)/(-2) - (-3)/2. Suppose t*a = 5*a - 84. Calculate the greatest common divisor of a and q.
7
Suppose i + 193 = 3*j, -18 - 109 = -2*j - i. Suppose 4*v - j + 4 = 0. Calculate the highest common factor of v and 45.
15
Let b = 17 + -12. Let m(o) = -o**2 + 5*o + 8. Let i be m(6). Suppose b*t = -z + 5, z = -4*t + 3 + i. What is the highest common factor of z and 10?
5
Let k(i) = -i - 1. Let h(w) = -4*w - 3. Let y(l) = 2*h(l) - 9*k(l). Let f be y(5). Let q = -14 - -38. Calculate the highest common divisor of f and q.
8
Let v(y) = -35*y - 10. Let h be v(-4). What is the greatest common factor of 52 and h?
26
Let g = 89 + -62. Let o = 36 - 18. Calculate the highest common factor of g and o.
9
Let r(m) = -7*m + 7. Let d be r(-5). Calculate the greatest common factor of d and 56.
14
Let x = 206 - 74. Let s be 1 + 0 + -2 + 2. Let a be s*18